{"id":2088,"date":"2024-05-23T02:44:22","date_gmt":"2024-05-23T02:44:22","guid":{"rendered":"https:\/\/www.cc-carrefour-cabrera.com\/?page_id=2088"},"modified":"2024-05-23T02:44:22","modified_gmt":"2024-05-23T02:44:22","slug":"gasolinera","status":"publish","type":"page","link":"https:\/\/www.cc-carrefour-cabrera.com\/cat\/gasolinera\/","title":{"rendered":"Gasolinera"},"content":{"rendered":"<div class=\"wpb-content-wrapper\"><div class=\"vc_row wpb_row vc_row-fluid\"><div class=\"wpb_column vc_column_container vc_col-sm-4\"><div class=\"vc_column-inner\"><div class=\"wpb_wrapper\">\n\t<div class=\"wpb_text_column wpb_content_element\" >\n\t\t<div class=\"wpb_wrapper\">\n\t\t\t<p style=\"font-size: 1.2rem;\">Acumula en tu Cheque Ahorro el 8% del repostaje en nuestras Gasolineras Carrefour<\/p>\n<p>Simplemente presentando tu tarjeta de El Club Carrefour, pagando con tu Tarjeta Carrefour PASS o con la App Mi Carrefour.<\/p>\n<p><a href=\"https:\/\/www.carrefour.es\/clubcarrefour\/ventajas\/\" target=\"_blank\" rel=\"noopener\"><img decoding=\"async\" src=\"https:\/\/www.micentrocomercial.es\/demo\/wp-content\/themes\/restyling\/images\/icon-tarjeta-transparente.png\" alt=\"El Club Carrefour\" \/><\/a><\/p>\n<p style=\"margin-top: 1.5rem;\">Disponemos de 145 estaciones de servicio en toda Espa\u00f1a.<\/p>\n<p><strong>Prueba nuestro simulador y descubre cu\u00e1nto dinero te devuelve El Club Carrefour.<\/strong><\/p>\n<p><a class=\"btn btn-large btn-secondary\" href=\"https:\/\/www.carrefour.es\/clubcarrefour\/ventajas\/gasolineras-carrefour\/\" target=\"_blank\" rel=\"noopener\">M\u00e9s informaci\u00f3<\/a><\/p>\n\n\t\t<\/div>\n\t<\/div>\n<\/div><\/div><\/div><div class=\"wpb_column vc_column_container vc_col-sm-8\"><div class=\"vc_column-inner\"><div class=\"wpb_wrapper\">\n\t<div class=\"wpb_text_column wpb_content_element\" >\n\t\t<div class=\"wpb_wrapper\">\n\t\t\t\t\t\t\t<!-- GASOLINA --> \n\t\t\t\t<div id=\"precio-gasolina\" style=\"max-width: 1135px; margin:0 auto;\">\n\t\t\t\t\t<div id=\"precios-gasolinera\">\n\t\t\t\t\t\t<div id=\"precios\">\n\t\t\t\t\t\t\t<h3>Precio del combustible en nuestra EESS para el 12\/05\/2026 7:00:02<\/h3>\n\t\t\t\t\t\t\t<div class=\"lista_precios\">\n\t\t\t\t\t\t\t\t<div><span>Gasoleo A<\/span> <strong> 1,669\u20ac<\/strong><\/div><div><span>Gasoleo Premium<\/span> <strong> 1,709\u20ac<\/strong><\/div><div><span>Gasolina 95 E5<\/span> <strong> 1,579\u20ac<\/strong><\/div><div><span>Gasolina 98 E5<\/span> <strong> 1,749\u20ac<\/strong><\/div>\t\t\t\t\t\t\t<\/div>\n\t\t\t\t\t\t<\/div>\n\t\t\t\t\t<\/div>\n\t\t\t\t<\/div>\n\t\t\t\t<img decoding=\"async\" src=\"https:\/\/www.cc-carrefour-cabrera.com\/wp-content\/themes\/restyling\/images\/gasolinera-crop.png\" class=\"radius-bottom\" \/>\n\t\t\t\t\n\n\t\t<\/div>\n\t<\/div>\n<\/div><\/div><\/div><\/div>\n<\/div>","protected":false},"excerpt":{"rendered":"Acumula en tu Cheque Ahorro el 8% del repostaje en nuestras Gasolineras Carrefour Simplemente presentando tu tarjeta de El Club Carrefour, pagando con tu Tarjeta Carrefour PASS o con la App Mi Carrefour. Disponemos de 145 estaciones de servicio en toda Espa\u00f1a. Prueba nuestro simulador y descubre cu\u00e1nto dinero te devuelve El Club Carrefour. M\u00e1s [...]","protected":false},"author":2,"featured_media":2085,"parent":0,"menu_order":0,"comment_status":"closed","ping_status":"closed","template":"","meta":{"footnotes":""},"class_list":["post-2088","page","type-page","status-publish","has-post-thumbnail","hentry"],"_links":{"self":[{"href":"https:\/\/www.cc-carrefour-cabrera.com\/cat\/wp-json\/wp\/v2\/pages\/2088","targetHints":{"allow":["GET"]}}],"collection":[{"href":"https:\/\/www.cc-carrefour-cabrera.com\/cat\/wp-json\/wp\/v2\/pages"}],"about":[{"href":"https:\/\/www.cc-carrefour-cabrera.com\/cat\/wp-json\/wp\/v2\/types\/page"}],"author":[{"embeddable":true,"href":"https:\/\/www.cc-carrefour-cabrera.com\/cat\/wp-json\/wp\/v2\/users\/2"}],"replies":[{"embeddable":true,"href":"https:\/\/www.cc-carrefour-cabrera.com\/cat\/wp-json\/wp\/v2\/comments?post=2088"}],"version-history":[{"count":3,"href":"https:\/\/www.cc-carrefour-cabrera.com\/cat\/wp-json\/wp\/v2\/pages\/2088\/revisions"}],"predecessor-version":[{"id":2091,"href":"https:\/\/www.cc-carrefour-cabrera.com\/cat\/wp-json\/wp\/v2\/pages\/2088\/revisions\/2091"}],"wp:featuredmedia":[{"embeddable":true,"href":"https:\/\/www.cc-carrefour-cabrera.com\/cat\/wp-json\/wp\/v2\/media\/2085"}],"wp:attachment":[{"href":"https:\/\/www.cc-carrefour-cabrera.com\/cat\/wp-json\/wp\/v2\/media?parent=2088"}],"curies":[{"name":"wp","href":"https:\/\/api.w.org\/{rel}","templated":true}]}}